
-8
(11 - (-10 + -3 + 15)) + -6
3
Calculate (-16 - -2) + (-96 + 83 - (-18 + 3)).
-12
What is 6 + 1 + -14 + -1 - -4?
-4
What is -67 + 41 + 6 + 1?
-19
Calculate (-14 - 5 - -6) + -4.
-17
Evaluate 9 + -38 + (21 - 6).
-14
What is 153 - 160 - (-4 - -1)?
-4
What is 0 + 24 + -19 + (16 - (-3 + 7))?
17
What is the value of 1 + -1 + -12 + 13 - -1?
2
Evaluate (-12 + 7 + 5 - (8 - 1)) + -19.
-26
What is the value of -1 + 7 + (-5 - (-29 - -16) - -17)?
31
What is the value of 343 + -358 + (43 - 1)?
27
Evaluate -54 + 63 + -4 + 15 + (-11 - 0).
9
Calculate -8 + 0 + 25 - 25.
-8
What is the value of 16 + (-45 - (18 - 36))?
-11
-110 + 121 - (14 - -3)
-6
3 - -12 - (15 - 4)
4
-3 - (-6 + 1 - (7 + -2 + -4))
3
Evaluate -11 - ((33 - (14 + -1)) + -6).
-25
What is -2 + (-5 - 2) - (70 - 68)?
-11
What is 20 + 3 - 23 - (0 + -4)?
4
What is -152 - -188 - (26 - 1)?
11
Evaluate 17 + -17 + (18 - 7 - 11).
0
What is the value of 3 + (-1 - -14 - (8 + -2))?
10
Evaluate 5 - ((17 - (8 + (3 - 4))) + -7).
2
What is (7 - (25 + -28)) + -2?
8
35 - (-26 + 1 + 45)
15
2 + -15 - (5 + (30 - 41))
-7
Evaluate 2 + 4 + (229 - 224).
11
What is 21 - (5 + 15 + 11)?
-10
What is the value of 14 - (-5 + 12 - -16)?
-9
Evaluate -1 + (-1 - (1 + -3 + 2)).
-2
Evaluate -2 - (-30 - (-15 + (11 - 7))).
17
-26 + 10 + 19 + 5 + 0
8
Calculate -8 + 28 + (20 - 31).
9
What is the value of 11 + -4 + -7 + 1 - (12 + 0)?
-11
Calculate -2 - (2 - -11) - -6.
-9
What is -7 + 25 + -5 - 26?
-13
What is -1 - 14 - -1 - -4?
-10
What is (7 + 10 - 27) + 10 - 5?
-5
Calculate 32 + (-79 - (13 - 58)).
-2
9 - ((-6 - -3 - -10) + -11)
13
28 + -46 + 24 + -2
4
-4 + (-8 - (-1 + 1 - 7)) + 3
-2
Evaluate -26 + 7 + (0 - (-6 + 1)).
-14
-4 + 4 + 12 + 7 + 13
32
Evaluate (0 - (-7 - 1 - -21)) + 7.
-6
Calculate 1 + 0 + 4 + 1506 + -1509.
2
Calculate -2 + (7 - (17 + (7 - (-4 + 2)))).
-21
0 + 8 + (-447 - -459)
20
What is 20 - (8 - (-23 + 12))?
1
-2 + 2 + 5 - ((-7 - -8) + -1)
5
5 + -8 + 4 - (0 - -23)
-22
What is (19 - 6) + (5 - (-9 - (-6 - 4)))?
17
What is 1 - (-1 + (-2 - -8))?
-4
Calculate 5 - (1 - 1 - -6 - 9).
8
What is the value of (-7 - -1 - (-22 + 17)) + -10 + -2?
-13
What is the value of -20 + 12 + 38 + -24?
6
What is -9 + 20 - -18 - 9?
20
What is -8 + -8 + 27 - -4?
15
4 - 1 - (-259 + 273)
-11
What is the value of -18 + (1 + -7 - (1 + -4 + -4))?
-17
-1 + 12 + (-15 - -7)
3
What is the value of 12 - ((13 - 18) + 28 + -6)?
-5
What is the value of 4 - (4 + 1) - -16?
15
What is the value of 6 - (-18 + 55 - -1)?
-32
What is the value of (-3 + 7 + 0 - -6) + 5?
15
Evaluate -27 + 9 + 20 - (0 - 6).
8
(-1 - (5 + -14)) + -1 - 1
6
Calculate -18 - (0 - 8) - 4.
-14
Evaluate -3 + 4 + 3 + (-13 - -5 - 3).
-7
Evaluate (22 - 50) + 22 + -14.
-20
Calculate 14 - (-5 + (25 - 8)) - (17 - 3).
-12
Evaluate (817 - 808) + (-2 - -16).
23
Calculate -3 - 4 - ((-12 - -4) + 0) - -25.
26
Evaluate 52 + -69 - (-11 - 0).
-6
Evaluate 4 - (1 + -5 + 5 - 4 - -25).
-18
Evaluate 4 - (30 - ((3 - -2) + 8)).
-13
What is -3 + -5 - (-5 + 0 - 24)?
21
What is the value of 9 + -12 + -4 + 9 - 12 - -32?
22
Calculate (5 - 5 - 0) + -5 + 13 + -1.
7
What is -8 + 10 + 14 + -3?
13
-50 + 1 + 36 + 22
9
What is the value of -9 - (-8 + (-1 + 3 - -7) + 5)?
-15
(-11 - -6) + 18 + (-38 - -11)
-14
Evaluate 28 - (-4 - 9 - -23).
18
What is the value of -1 + 0 + (-1 - 0) - (-656 - -633)?
21
What is the value of 1 - (-16 + (-4 - -7 - -8))?
6
Calculate 24 - 19 - 13 - 10.
-18
Calculate (15 - (10 - 29)) + -48.
-14
What is (11 - 0) + -8 + -1?
2
-10 + (-25 - 13) + 29
-19
What is the value of (1 + -1 - -4) + 37 + -26?
15
What is the value of -9 + -11 + 15 - -3?
-2
What is the value of -6 + (-9 - (0 - 7)) + (-19 - 0)?
-27
Calculate -8 - -27 - (6 + 1) - 12.
0
What is 22 + (11 - 9) - 15?
9
What is the value of (15 - 4) + 3 + -15?
-1
Evaluate (0 - (4 + 7)) + 13 - -11.
13
What is 12 + (-89 + 70 - (-2 + -3))?
-2
1 - (-3 - (11 + -6 + -13))
-4
Evaluate -15 - (-12 - (-10 + 1)).
-12
What is the value of 0 - -1 - (-3 - (24 - 16))?
12
What is -1044 + 1047 - (-20 - (1 - 1))?
23
Evaluate -7 + 9 + -4 + (6 - 1) + 11.
14
Evaluate 4 + -2 + -2 + -11 + 23 + -1.
11
-17 + -1 + 134 + -115
1
Calculate -9 + (-11 + 1 - (-4 + -2)).
-13
Calculate (-5 - (11 + -26)) + -11 + (-14 - 17).
-32
Evaluate (1 - 3) + 4 + 0 - (5 + 2).
-5
What is the value of 4 + -4 + 0 + 2 + 0 + 2?
4
What is the value of (13 - 1) + -14 + 17 - 8 - 19?
-12
36 + -46 - (-16 + -3)
9
15 + (-6 - (-1 + 1)) - 3
6
Evaluate (162 - 162) + (-3 - (4 + 2)).
-9
What is (7 - (-27 + 13 - -25)) + (-11 - -1)?
-14
0 - (-20 + 4) - (0 - -8)
8
Evaluate 6 + (8 - 0) - 24.
-10
Evaluate (-25 - -6) + 6 - (-5 + 1).
-9
Calculate -2 + (0 - (14 + -6 - 5)) - -5.
0
Evaluate 10 + (7 + -5 - 4) + -9.
-1
Calculate 6 + -34 + 61 + -23.
10
What is the value of (-11 + -2 - 5 - -6 - -5) + -8?
-15
What is the value of -6 - (4 + -5 + (-3 + 5 - -3))?
-10
What is 6 + -3 + -4 + -19 - (42 + -36)?
-26
-18 + 24 - (14 - -8)
-16
What is the value of -3 + -1 + (27 - 12) + (-16 - -16)?
11
What is the value of 49 + 0 + 74 + -87?
36
Calculate 3 - -3 - (7 - (-24 + -3)).
-28
(2 - (-9 - -19)) + -2 + 10 + 0
0
What is the value of (1 - (2 - 13)) + -66 + (45 - -11)?
2
Calculate 6 + (133 - 136) + (-13 - -1).
-9
Evaluate 9 + -27 - -64 - 15.
31
(-2 - 1 - (-28 - -23)) + 0 + -2
0
Evaluate (1 - -15) + -7 + -19.
-10
Evaluate -6 + (26 - -4) + -14.
10
18 + -32 + (2 - 7) + 11
-8
What is the value of -2 + (4 - 3 - 22) - (-15 - -8)?
-16
8 - 24 - (2 + -11)
-7
What is the value of 2 + -4 + 7 + -8 + (-1 - 0)?
-4
Evaluate 21 - (-15 + 33 + 1).
2
What is -6 - (-49 + 60 + 3 + -1 + -3)?
-16
-6 + 9 + 2 - 8 - 7
-10
Evaluate (12 - 13) + 5 + -5 + -3.
-4
0 - ((50 - 55) + 2 + 8)
-5
Calculate (2 - 2 - -1) + (17 - (0 + 6)).
12
9 + -94 + 101 + (1 - 0 - 0)
17
Calculate -1 + 5 + -3 - (-304 - -315).
-10
Evaluate -17 - (8 - 20) - (2 - 5).
-2
Calculate -9 + (34 - (0 - -14)) + 2.
13
What is the value of -12 + (3 - (10 + -16))?
-3
Evaluate (-4 - 1) + (-20 - -26) - 8.
-7
What is the value of 12 + -1 + (1 - (8 + -9)) + 4?
17
231 - 235 - (-15 - -2)
9
Calculate -2 + -5 + 14 + (13 - 13).
7
What is -87 - -105 - (-5 - -46)?
-23
3 - (-9 + (1 - -7)) - 6
-2
What is -13 - (26 - 2) - -50?
13
What is 7 - ((6 - 29) + 18)?
12
1 + 14 + 18 + -25 - (1 + 12)
-5
Evaluate -3 + (19 - 7 - 15).
-6
What is 98 + -168 - (12 - 56)?
-26
14 + (-15 - (5 - -4))
-10
-23 + 51 - 18 - 15
-5
Calculate (5 - 3) + -10 - (8 - 8 - 18).
10
What is 47 + -43 + (-1 - -1) + -3 + 7?
8
(-1 - 18) + -3 + 6 + (-39 - -30)
-25
Calculate (0 - (-12 + (-1 - -10))) + -7.
-4
Calculate 1 - 9 - (-7 - -35 - 40).
4
Calculate 7 - ((3 - -1 - 4) + 8).
-1
What is -57 + 27 - -25 - (-3 + 0) - 5?
-7
What is the value of -23 + -3 - 18 - (-14 - (-5 - -3))?
-32
Calculate -26 + (-18 - (-25 - 17)).
-2
What is the value of (-2 - -4) + 3 + (2 - 5 - -2)?
4
-13 + -4 + 13 + (0 - 1)
-5
Calculate -1 - 3 - (-26 - (-3 - (-1 - 0))).
20
-4 + 24 + 3 - -5
28
Evaluate 0 + 0 + 0 - (-76 + 81).
-5
(29 - 8) + (12 - 3 - (1 - -13))
16
What is the value of 10 + (1 - (-60 + 58 - (0 + -1)))?
12
Evaluate -3 + (-2 - 3) + 5 + (-4 - 14).
-21
Calculate 24 + -27 + -20 + 12.
-11
Calculate -3 - (-3 - (13 + -7)).
6
Calculate (4 - -1) + 297 + -294.
8
Evaluate (-9 - -1 - (5 - 8)) + 7.
2
What is -5 - -12 - (-4 + -5 + (-5 - -37))?
-16
1 + 0 - (4 + -13 + 1 + 14)
-5
-8 + (25 - (-12 + 5 + 20))
4
What is the value of 0 + 1 - (-5 + 0 + -10 + 18)?
-2
What is the value of 25 + -30 + -1 + 5 + -4?
-5
What is (-35 - (14 + -25)) + (18 - 26)?
-32
What is the value of 7 + -2 - ((1 + -5 - -6) + -2)?
5
Calculate 7 - -1 - (-4 - (-17 + 15 + -8)).
2
Evaluate -5 + (15 + -17 + (1 - -7) - 12).
-11
What is (-117 - -89) + 4 + -2 - -7?
-19
What is the value of (5 + (1 - 3) - -6) + (-13 - -3)?
-1
Evaluate (-2 - -2 - (-11 - -6)) + -1.
4
16 - (49 + -5 + -12 - 16)
0
What is the value of -11 + 1 + (-51 - -25 - -23)?
-13
Calculate -2 + (-3 - 3) - 7 - -8.
-7
What is -26 + 28 + -19 - -23?
6
What is the value of -4 + 2 - (0 + (17 - 58))?
39
What is -1 + -18 + -23 + -30 + 46?
-26
Evaluate (5 - (3 + 1 + -5 + 2)) + 0.
4
Evaluate 8 + (-2 + -5 - -8) + -19.
-10
What is (63 - 88) + (-8 - -4 - -2 - -4)?
-23
Evaluate -10 + (-11 - -28) - 12.
-5
Calculate 18 - -1 - (-39 + 45 + -9).
22
(0 - 28) + 42 - (4 - (1 - 1))
10
Evaluate (1 - (-30 - -13)) + -7.
11
Calculate 82 + -68 + (3 - 25) + -1.
-9
(-11 - -1 - (88 - 104)) + -29
-23
What is 